{"id":15,"date":"2022-09-12T01:32:26","date_gmt":"2022-09-11T23:32:26","guid":{"rendered":"https:\/\/bagfed.dubail.ml\/?page_id=15"},"modified":"2023-12-14T18:40:50","modified_gmt":"2023-12-14T17:40:50","slug":"home","status":"publish","type":"page","link":"https:\/\/www.bagfed.net\/","title":{"rendered":"HOME"},"content":{"rendered":"\n<p>Bienvenue sur notre site web !<\/p>\n\n\n\n<p>D\u00e9couvrez les derni\u00e8res vid\u00e9os de notre cha\u00eene YouTube (<a rel=\"noreferrer noopener\" href=\"https:\/\/www.youtube.com\/c\/BagfedNet?sub_confirmation=1\" target=\"_blank\">abonnez-vous !<\/a>)<\/p>\n\n\n\n<figure class=\"wp-block-embed is-type-video is-provider-youtube wp-block-embed-youtube wp-embed-aspect-16-9 wp-has-aspect-ratio\"><div class=\"wp-block-embed__wrapper\">\n<iframe loading=\"lazy\" title=\"Ubuntu (Official Music Video)\" width=\"920\" height=\"518\" src=\"https:\/\/www.youtube.com\/embed\/4B1xLVwGpR0?feature=oembed\" frameborder=\"0\" allow=\"accelerometer; autoplay; clipboard-write; encrypted-media; gyroscope; picture-in-picture; web-share\" allowfullscreen><\/iframe>\n<\/div><figcaption class=\"wp-element-caption\">Le clip officiel de notre dernier single \u00ab\u00a0Ubuntu\u00a0\u00bb (disponible sur l&rsquo;album Brand New Souls)<\/figcaption><\/figure>\n\n\n\n<figure class=\"wp-block-embed is-type-video is-provider-youtube wp-block-embed-youtube wp-embed-aspect-16-9 wp-has-aspect-ratio\"><div class=\"wp-block-embed__wrapper\">\n<iframe loading=\"lazy\" title=\"Brand New Souls (Official Music Video)\" width=\"920\" height=\"518\" src=\"https:\/\/www.youtube.com\/embed\/btWAfe0Ir7I?feature=oembed\" frameborder=\"0\" allow=\"accelerometer; autoplay; clipboard-write; encrypted-media; gyroscope; picture-in-picture; web-share\" allowfullscreen><\/iframe>\n<\/div><figcaption class=\"wp-element-caption\">Le premier single de notre nouvel album \u00ab\u00a0Brand New Souls\u00a0\u00bb<\/figcaption><\/figure>\n\n\n\n<figure class=\"wp-block-embed is-type-video is-provider-youtube wp-block-embed-youtube wp-embed-aspect-16-9 wp-has-aspect-ratio\"><div class=\"wp-block-embed__wrapper\">\n<iframe loading=\"lazy\" title=\"Looking Up (Official Music Video)\" width=\"920\" height=\"518\" src=\"https:\/\/www.youtube.com\/embed\/h-HMcv9sMyA?feature=oembed\" frameborder=\"0\" allow=\"accelerometer; autoplay; clipboard-write; encrypted-media; gyroscope; picture-in-picture; web-share\" allowfullscreen><\/iframe>\n<\/div><figcaption class=\"wp-element-caption\">Le clip de \u00ab\u00a0Looking Up\u00a0\u00bb<\/figcaption><\/figure>\n\n\n\n<figure class=\"wp-block-embed is-type-video is-provider-youtube wp-block-embed-youtube wp-embed-aspect-16-9 wp-has-aspect-ratio\"><div class=\"wp-block-embed__wrapper\">\n<iframe loading=\"lazy\" title=\"Throw it Away (Lyric Video)\" width=\"920\" height=\"518\" src=\"https:\/\/www.youtube.com\/embed\/zrooWcYfTs4?list=OLAK5uy_m496z1A1TEzy2w_QDd4xL4kE01j-NfiLQ\" frameborder=\"0\" allow=\"accelerometer; autoplay; clipboard-write; encrypted-media; gyroscope; picture-in-picture; web-share\" allowfullscreen><\/iframe>\n<\/div><figcaption class=\"wp-element-caption\">Playlist officielle de notre album \u00ab\u00a0Throw It Away\u00a0\u00bb (Lyric Videos)<\/figcaption><\/figure>\n\n\n\n<p>Retrouvez notre musique sur <a href=\"https:\/\/open.spotify.com\/intl-fr\/artist\/4rFAIXYmwcEprLYz60CQwW\" data-type=\"link\" data-id=\"https:\/\/open.spotify.com\/intl-fr\/artist\/4rFAIXYmwcEprLYz60CQwW\">Spotify<\/a><\/p>\n","protected":false},"excerpt":{"rendered":"<p>Bienvenue sur notre site web ! D\u00e9couvrez les derni\u00e8res vid\u00e9os de notre cha\u00eene YouTube (abonnez-vous !) Retrouvez notre musique sur Spotify<\/p>\n","protected":false},"author":1,"featured_media":0,"parent":0,"menu_order":0,"comment_status":"closed","ping_status":"closed","template":"","meta":{"footnotes":""},"class_list":["post-15","page","type-page","status-publish","hentry"],"jetpack-related-posts":[],"jetpack_sharing_enabled":true,"_links":{"self":[{"href":"https:\/\/www.bagfed.net\/index.php?rest_route=\/wp\/v2\/pages\/15","targetHints":{"allow":["GET"]}}],"collection":[{"href":"https:\/\/www.bagfed.net\/index.php?rest_route=\/wp\/v2\/pages"}],"about":[{"href":"https:\/\/www.bagfed.net\/index.php?rest_route=\/wp\/v2\/types\/page"}],"author":[{"embeddable":true,"href":"https:\/\/www.bagfed.net\/index.php?rest_route=\/wp\/v2\/users\/1"}],"replies":[{"embeddable":true,"href":"https:\/\/www.bagfed.net\/index.php?rest_route=%2Fwp%2Fv2%2Fcomments&post=15"}],"version-history":[{"count":9,"href":"https:\/\/www.bagfed.net\/index.php?rest_route=\/wp\/v2\/pages\/15\/revisions"}],"predecessor-version":[{"id":470,"href":"https:\/\/www.bagfed.net\/index.php?rest_route=\/wp\/v2\/pages\/15\/revisions\/470"}],"wp:attachment":[{"href":"https:\/\/www.bagfed.net\/index.php?rest_route=%2Fwp%2Fv2%2Fmedia&parent=15"}],"curies":[{"name":"wp","href":"https:\/\/api.w.org\/{rel}","templated":true}]}}